 
 {"id":1017,"date":"2019-03-19T10:52:29","date_gmt":"2019-03-19T10:52:29","guid":{"rendered":"http:\/\/straylight.cs.st-andrews.ac.uk\/sleat\/wordpress\/seall\/2178-2\/"},"modified":"2019-03-19T10:52:29","modified_gmt":"2019-03-19T10:52:29","slug":"2178-2","status":"publish","type":"page","link":"https:\/\/sleat.openvirtualworlds.org\/wordpress\/seall\/2178-2\/","title":{"rendered":"&#8216;Tosta&#8217; Festival Village &#8216;C\u00f2mhlan Tosta&#8217;"},"content":{"rendered":"<div class=\"wporg-box\"><h2>&#039;Tosta&#039; Festival Village &#039;C\u00f2mhlan Tosta&#039;<\/h2><img decoding=\"async\" src=\"https:\/\/sleat.openvirtualworlds.org\/omeka\/files\/original\/238\/2178\/SKMBT_C22018121019280.jpg\" \/>C\u00f2mhlan Tosta brings together 7 musicians, an international collaboration full of music, one from each of the seven TOSTA-regions. Together they are playing at each TOSTA festival organised in all the participating regions. Tonight is their fourth festival peformance. Scotland - Rona Wilkie, Frysl\u00e2n - Marit Talens, Ireland - Caoimh\u00edn \u00d3 Fearghail, Wales - Gwilym Bowen Rhys, Galicia - M\u00f3nica de Nut, Cornwall - Bec Applebee, and from Basque Country - Oreka TX.<p><small>Date: 06\/07\/16<br\/><\/small><small>Start Time: 7.30 pm<br\/><\/small><small>Venue: Sabhal M\u00f2r Ostaig, marquee<br\/><\/small><small>Audience Numbers: 85<br\/><\/small><small>Type: Music World<br\/><\/small><\/p><\/div>\n","protected":false},"excerpt":{"rendered":"","protected":false},"author":1,"featured_media":0,"parent":0,"menu_order":0,"comment_status":"open","ping_status":"closed","template":"","meta":{"footnotes":""},"class_list":["post-1017","page","type-page","status-publish","hentry","entry"],"_links":{"self":[{"href":"https:\/\/sleat.openvirtualworlds.org\/wordpress\/seall\/wp-json\/wp\/v2\/pages\/1017","targetHints":{"allow":["GET"]}}],"collection":[{"href":"https:\/\/sleat.openvirtualworlds.org\/wordpress\/seall\/wp-json\/wp\/v2\/pages"}],"about":[{"href":"https:\/\/sleat.openvirtualworlds.org\/wordpress\/seall\/wp-json\/wp\/v2\/types\/page"}],"author":[{"embeddable":true,"href":"https:\/\/sleat.openvirtualworlds.org\/wordpress\/seall\/wp-json\/wp\/v2\/users\/1"}],"replies":[{"embeddable":true,"href":"https:\/\/sleat.openvirtualworlds.org\/wordpress\/seall\/wp-json\/wp\/v2\/comments?post=1017"}],"version-history":[{"count":0,"href":"https:\/\/sleat.openvirtualworlds.org\/wordpress\/seall\/wp-json\/wp\/v2\/pages\/1017\/revisions"}],"wp:attachment":[{"href":"https:\/\/sleat.openvirtualworlds.org\/wordpress\/seall\/wp-json\/wp\/v2\/media?parent=1017"}],"curies":[{"name":"wp","href":"https:\/\/api.w.org\/{rel}","templated":true}]}}