 
 {"id":1175,"date":"2019-03-19T10:58:35","date_gmt":"2019-03-19T10:58:35","guid":{"rendered":"http:\/\/straylight.cs.st-andrews.ac.uk\/sleat\/wordpress\/seall\/1214-2\/"},"modified":"2019-03-19T10:58:35","modified_gmt":"2019-03-19T10:58:35","slug":"1214-2","status":"publish","type":"page","link":"https:\/\/sleat.openvirtualworlds.org\/wordpress\/seall\/1214-2\/","title":{"rendered":"&#8216;Aos D\u00e0na&#8217; &#8211; Tribute to Sorley MacLean and M\u00e0iri Mh\u00f2r"},"content":{"rendered":"<div class=\"wporg-box\"><h2>&#039;Aos D\u00e0na&#039; - Tribute to Sorley MacLean and M\u00e0iri Mh\u00f2r<\/h2>M\u00e0iri Mh\u00f2r nan \u00d2ran (1821-1898) was a native of Skye and writer of songs of exile, praise, hope and protest. Sorley Maclean (19111960) was the foremost poet and father of the Gaelic renaissance. The opening event is a  tribute, in pictures, songs and poetry with Donald Mackenzie (Artist), Lindsay Mitchell (Singer) & Skye Poets,Maoilios Caimbeul, Aonghas Ph\u00e0draig Caimbeul and Meg Bateman. This event will be in Gaelic and English.\n\nEntry by donation. No booking and limited capacity.<p><small>Date: 03\/08\/09<br\/><\/small><small>Start Time: 20:00:00<br\/><\/small><small>Venue: Tarskavaig Hall<br\/><\/small><small>Audience Numbers: 0<br\/><\/small><small>Type: Talks and Literature<br\/><\/small><\/p><\/div>\n","protected":false},"excerpt":{"rendered":"","protected":false},"author":1,"featured_media":0,"parent":0,"menu_order":0,"comment_status":"open","ping_status":"closed","template":"","meta":{"footnotes":""},"class_list":["post-1175","page","type-page","status-publish","hentry","entry"],"_links":{"self":[{"href":"https:\/\/sleat.openvirtualworlds.org\/wordpress\/seall\/wp-json\/wp\/v2\/pages\/1175","targetHints":{"allow":["GET"]}}],"collection":[{"href":"https:\/\/sleat.openvirtualworlds.org\/wordpress\/seall\/wp-json\/wp\/v2\/pages"}],"about":[{"href":"https:\/\/sleat.openvirtualworlds.org\/wordpress\/seall\/wp-json\/wp\/v2\/types\/page"}],"author":[{"embeddable":true,"href":"https:\/\/sleat.openvirtualworlds.org\/wordpress\/seall\/wp-json\/wp\/v2\/users\/1"}],"replies":[{"embeddable":true,"href":"https:\/\/sleat.openvirtualworlds.org\/wordpress\/seall\/wp-json\/wp\/v2\/comments?post=1175"}],"version-history":[{"count":0,"href":"https:\/\/sleat.openvirtualworlds.org\/wordpress\/seall\/wp-json\/wp\/v2\/pages\/1175\/revisions"}],"wp:attachment":[{"href":"https:\/\/sleat.openvirtualworlds.org\/wordpress\/seall\/wp-json\/wp\/v2\/media?parent=1175"}],"curies":[{"name":"wp","href":"https:\/\/api.w.org\/{rel}","templated":true}]}}