 
 {"id":657,"date":"2019-03-19T10:38:58","date_gmt":"2019-03-19T10:38:58","guid":{"rendered":"http:\/\/straylight.cs.st-andrews.ac.uk\/sleat\/wordpress\/seall\/1785-2\/"},"modified":"2019-03-19T10:38:58","modified_gmt":"2019-03-19T10:38:58","slug":"1785-2","status":"publish","type":"page","link":"https:\/\/sleat.openvirtualworlds.org\/wordpress\/seall\/1785-2\/","title":{"rendered":"Blas Festival: Duncan Chisholm, Mischa MacPherson"},"content":{"rendered":"<div class=\"wporg-box\"><h2>Blas Festival: Duncan Chisholm, Mischa MacPherson<\/h2>One of Scotland\u2019s all-time great fiddle players, Duncan Chisholm, comes to Sabhal M\u00f2r Ostaig as part of this year\u2019s Blas Festival. He will be accompanied by two of the country\u2019s most celebrated pipers, Jarlath Henderson and Ali Hutton. Support on the night is from Hebridean musician Mischa MacPherson who will be joined by two of Scotland\u2019s most accomplished and empathetic musicians \u2013 guitarist Innes White and fiddle player Megan Henderson of Breabach.\n\nDuncan Chisholm\n\nB\u2019 fhada on bha Donnchadh Siosalach air a mheas mar fhear de phr\u00ecomh fh\u00ecdhlearan na h-Alba is bidh e gu tric a\u2019 cluich air feadh na Roinn E\u00f2rpa agus nan St\u00e0itean Aonaichte. B\u2019 e Donnchadh fear de na cluicheadairean a b\u2019 fhe\u00e0rr a ch\u00f2rd ri daoine aig Celtic Connections na bliadhna-sa agus tha e gu h-\u00e0raid aithnichte aig Blas ri linn an taisbeanaidh \u2018Kin\u2019, a choisinn cli\u00f9 do Dhonnchadh. Tha e a\u2019 tilleadh gu Blas 2017 a chluich ann an tr\u00ec \u00e0itean s\u00f2nraichte.\n\nTha cruth-t\u00ecre na G\u00e0idhealtachd agus an saoghal mu thimcheall air buaidh mh\u00f2r a thoirt air Donnchadh agus air a che\u00f2l, agus \u2019s e dealbh ce\u00f2lmhor den Gh\u00e0idhealtachd a bheir e seachad aig Blas, le ce\u00f2l on t-sreath ainmeil \u2018Strathglass Trilogy\u2019 na l\u00f9ib.\n\nTha ce\u00f2l Dhonnchaidh toinnte, \u00e0lainn agus tlachdmhor. Tha \u00e0ite, cruth-t\u00ecre agus eachdraidh ri chluinntinn is ri fhaireachdainn na che\u00f2l.\n\nBidh Jarlath MacEanraig agus Ali Hutton a\u2019 cluich c\u00f2mhla ri Donnchadh.\n\nLong revered as one of Scotland\u2019s all-time great fiddle players, Duncan Chisholm has toured extensively throughout Europe and the USA.  Hailed as \u201cone of the hottest tickets\u201d of this year\u2019s Celtic Connections Festival and perhaps best known at the Blas Festival for his ground-breaking and award winning multi-media production Kin, Duncan Chisholm will return to perform at three fantastic Highland venues during Blas 2017. \n\nInspired deeply by the Highland landscape and natural world around him, Duncan will perform his musical representation of the Highlands of Scotland, including some highlights from his acclaimed Strathglass Trilogy. \n\nDuncan\u2019s music is sophisticated, exhilarating and meltingly beautiful.  There is a great sense of place, landscape and history weaving through his tunes. \n\nDuncan will be accompanied by Jarlath Henderson and Ali Hutton.\n\nMischa MacPherson\n\nLe bhith air a togail ann an cultar nan Eilean Siar, bha Mischa Nic a\u2019 Phearsain gu math \u00f2g nuair a nochd i \u00f9idh ann an ce\u00f2l agus sa Gh\u00e0idhlig. Tha i air grunn dhuaisean n\u00e0iseanta a bhuannachadh: Seinneadair G\u00e0idhlig na Bliadhna aig Na Trads agus Seinneadair Ce\u00f2l D\u00f9thchais aig R\u00e8idio 2 \u2013 teisteanas air cho l\u00e0n de dh\u2019fhaireachdainn agus beatha \u2019s a tha a cuid seinn. Tha i air seinn aig iomadh tachartas, aig an taigh agus thall thairis, le c\u00f2mhlan fh\u00e8in agus le iomadh pr\u00f2iseact eile, a leithid Martyn Bennett\u2019s GRIT Orchestra (2016) agus The Unusual Suspects of Celtic Colours (2017).\n\nBheir dithis sh\u00e0r-chluicheadairean na h-Alba, Innes MacIlleBh\u00e0in (giot\u00e0r) agus Megan NicEanraig (fidheall), taic do Mischa ann an Sl\u00e8ite. Ann an Loch an Inbhir agus Ge\u00e0rrloch, cluichidh Alasdair Iain MacPh\u00e0draig am pi\u00e0na agus harmonium c\u00f2mhla riutha.\n\nHaving grown up immersed in the distinctive culture of the Outer Hebrides, Mischa Macpherson unearthed her love for music and Gaelic at a very early age. She has gone on to scoop several major UK folk awards in recent years \u2013 a fitting testament to her music\u2019s pure-distilled expressiveness and radiant vitality. Named Gaelic Singer of the Year at the MG Alba Scots Trad Music awards and BBC Radio 2\u2019s Young Folk Award Winner she now performs extensively, both at home and abroad, with her own band and a long list of other projects including Martyn Bennett\u2019s GRIT Orchestra (2016) and The Unusual Suspects of Celtic Colours (2017).\n\nMischa will be joined in Sleat by two of Scotland\u2019s most accomplished and empathetic musicians \u2013 guitarist Innes White and fiddle player Megan Henderson (Breabach). And in Lochinver & Gairloch Alistair Iain Paterson will also add piano and harmonium to the mix.\n\n\u201cEvocative and stirring, it is true Gaelic soul music.\u201d<p><small>Date: 08\/09\/17<br\/><\/small><small>Start Time: 7.30 pm<br\/><\/small><small>Venue: Sabhal M\u00f2r Ostaig, TDC main hall<br\/><\/small><small>Audience Numbers: 148<br\/><\/small><small>Type: Music Traditional<br\/><\/small><\/p><\/div>\n","protected":false},"excerpt":{"rendered":"","protected":false},"author":1,"featured_media":0,"parent":0,"menu_order":0,"comment_status":"open","ping_status":"closed","template":"","meta":{"footnotes":""},"class_list":["post-657","page","type-page","status-publish","hentry","entry"],"_links":{"self":[{"href":"https:\/\/sleat.openvirtualworlds.org\/wordpress\/seall\/wp-json\/wp\/v2\/pages\/657","targetHints":{"allow":["GET"]}}],"collection":[{"href":"https:\/\/sleat.openvirtualworlds.org\/wordpress\/seall\/wp-json\/wp\/v2\/pages"}],"about":[{"href":"https:\/\/sleat.openvirtualworlds.org\/wordpress\/seall\/wp-json\/wp\/v2\/types\/page"}],"author":[{"embeddable":true,"href":"https:\/\/sleat.openvirtualworlds.org\/wordpress\/seall\/wp-json\/wp\/v2\/users\/1"}],"replies":[{"embeddable":true,"href":"https:\/\/sleat.openvirtualworlds.org\/wordpress\/seall\/wp-json\/wp\/v2\/comments?post=657"}],"version-history":[{"count":0,"href":"https:\/\/sleat.openvirtualworlds.org\/wordpress\/seall\/wp-json\/wp\/v2\/pages\/657\/revisions"}],"wp:attachment":[{"href":"https:\/\/sleat.openvirtualworlds.org\/wordpress\/seall\/wp-json\/wp\/v2\/media?parent=657"}],"curies":[{"name":"wp","href":"https:\/\/api.w.org\/{rel}","templated":true}]}}