 
 {"id":70,"date":"2019-03-19T10:11:15","date_gmt":"2019-03-19T10:11:15","guid":{"rendered":"http:\/\/straylight.cs.st-andrews.ac.uk\/sleat\/wordpress\/seall\/1702-2\/"},"modified":"2019-03-19T10:11:15","modified_gmt":"2019-03-19T10:11:15","slug":"1702-2","status":"publish","type":"page","link":"https:\/\/sleat.openvirtualworlds.org\/wordpress\/seall\/1702-2\/","title":{"rendered":"Let&#8217;s Circus C\u00e8ilidh"},"content":{"rendered":"<div class=\"wporg-box\"><h2>Let&#039;s Circus C\u00e8ilidh<\/h2><img decoding=\"async\" src=\"https:\/\/sleat.openvirtualworlds.org\/omeka\/files\/original\/229\/1702\/SKMBT_C22018121019330.jpg\" \/>'The Magpie' tent stays up for a final night with a community c\u00e8ilidh. Come along and join an assortment of musicians followed by a c\u00e8ilidh dance. Ourtdoor footwear is vital. Performers include the internatioanlly renowned Breakish C\u00e8ilidh Band, C\u00e8ilear - the young musicians from the area, and an open mic session for all-comers to take to the stage.<p><small>Date: 11\/07\/16<br\/><\/small><small>Start Time: 7.30 pm<br\/><\/small><small>Venue: Kyleakin Hall<br\/><\/small><small>Audience Numbers: 70<br\/><\/small><small>Type: Ceilidh<br\/><\/small><\/p><\/div>\n","protected":false},"excerpt":{"rendered":"","protected":false},"author":1,"featured_media":0,"parent":0,"menu_order":0,"comment_status":"open","ping_status":"closed","template":"","meta":{"footnotes":""},"class_list":["post-70","page","type-page","status-publish","hentry","entry"],"_links":{"self":[{"href":"https:\/\/sleat.openvirtualworlds.org\/wordpress\/seall\/wp-json\/wp\/v2\/pages\/70","targetHints":{"allow":["GET"]}}],"collection":[{"href":"https:\/\/sleat.openvirtualworlds.org\/wordpress\/seall\/wp-json\/wp\/v2\/pages"}],"about":[{"href":"https:\/\/sleat.openvirtualworlds.org\/wordpress\/seall\/wp-json\/wp\/v2\/types\/page"}],"author":[{"embeddable":true,"href":"https:\/\/sleat.openvirtualworlds.org\/wordpress\/seall\/wp-json\/wp\/v2\/users\/1"}],"replies":[{"embeddable":true,"href":"https:\/\/sleat.openvirtualworlds.org\/wordpress\/seall\/wp-json\/wp\/v2\/comments?post=70"}],"version-history":[{"count":0,"href":"https:\/\/sleat.openvirtualworlds.org\/wordpress\/seall\/wp-json\/wp\/v2\/pages\/70\/revisions"}],"wp:attachment":[{"href":"https:\/\/sleat.openvirtualworlds.org\/wordpress\/seall\/wp-json\/wp\/v2\/media?parent=70"}],"curies":[{"name":"wp","href":"https:\/\/api.w.org\/{rel}","templated":true}]}}