 
 {"id":996,"date":"2019-03-19T10:51:41","date_gmt":"2019-03-19T10:51:41","guid":{"rendered":"http:\/\/straylight.cs.st-andrews.ac.uk\/sleat\/wordpress\/seall\/842-2\/"},"modified":"2019-03-19T10:51:41","modified_gmt":"2019-03-19T10:51:41","slug":"842-2","status":"publish","type":"page","link":"https:\/\/sleat.openvirtualworlds.org\/wordpress\/seall\/842-2\/","title":{"rendered":"&#8216;MP3&#8217; &#8211; The Mattias P\u00e9rez Trio &#8211; traditional Swedish music"},"content":{"rendered":"<div class=\"wporg-box\"><h2>&#039;MP3&#039; - The Mattias P\u00e9rez Trio - traditional Swedish music<\/h2>A night of traditional and modern Swedish and Norwegian music. MP3, the Mattias P\u00e9rez Trio, is rooted in the Swedish province of V\u00e4rmland, which borders on Norway and the the music is particularly catchy and suitable for dancing. The band is Mattias P\u00e9rez on guitar, bozouki, and mandola; Nina Anderberg on fiddle and Hardanger fiddle; and Mia Gustafsson on fiddle. Nina and Mattias are also great dancers and simply mesmerizing to watch.<p><small>Date: 20\/06\/05<br\/><\/small><small>Start Time: 20:00:00<br\/><\/small><small>Venue: Sabhal M\u00f2r Ostaig, An Talla Mh\u00f2r<br\/><\/small><small>Audience Numbers: 34<br\/><\/small><small>Type: Music World<br\/><\/small><\/p><\/div>\n","protected":false},"excerpt":{"rendered":"","protected":false},"author":1,"featured_media":0,"parent":0,"menu_order":0,"comment_status":"open","ping_status":"closed","template":"","meta":{"footnotes":""},"class_list":["post-996","page","type-page","status-publish","hentry","entry"],"_links":{"self":[{"href":"https:\/\/sleat.openvirtualworlds.org\/wordpress\/seall\/wp-json\/wp\/v2\/pages\/996","targetHints":{"allow":["GET"]}}],"collection":[{"href":"https:\/\/sleat.openvirtualworlds.org\/wordpress\/seall\/wp-json\/wp\/v2\/pages"}],"about":[{"href":"https:\/\/sleat.openvirtualworlds.org\/wordpress\/seall\/wp-json\/wp\/v2\/types\/page"}],"author":[{"embeddable":true,"href":"https:\/\/sleat.openvirtualworlds.org\/wordpress\/seall\/wp-json\/wp\/v2\/users\/1"}],"replies":[{"embeddable":true,"href":"https:\/\/sleat.openvirtualworlds.org\/wordpress\/seall\/wp-json\/wp\/v2\/comments?post=996"}],"version-history":[{"count":0,"href":"https:\/\/sleat.openvirtualworlds.org\/wordpress\/seall\/wp-json\/wp\/v2\/pages\/996\/revisions"}],"wp:attachment":[{"href":"https:\/\/sleat.openvirtualworlds.org\/wordpress\/seall\/wp-json\/wp\/v2\/media?parent=996"}],"curies":[{"name":"wp","href":"https:\/\/api.w.org\/{rel}","templated":true}]}}